t is 0 (base 13) in base 7?
0
Convert -11 (base 12) to base 5.
-23
Convert 6 (base 11) to base 5.
11
Convert 344 (base 6) to base 16.
88
What is 14 (base 14) in base 15?
13
-101 (base 4) to base 7
-23
What is 199 (base 10) in base 13?
124
What is -46 (base 11) in base 3?
-1212
What is 29 (base 12) in base 14?
25
Convert 5 (base 6) to base 4.
11
What is 1100 (base 5) in base 10?
150
What is -11 (base 5) in base 6?
-10
What is 4 (base 7) in base 4?
10
What is 7 (base 14) in base 13?
7
1 (base 6) to base 12
1
-101 (base 2) to base 11
-5
-a1 (base 13) to base 2
-10000011
-2 (base 6) to base 3
-2
Convert -29 (base 15) to base 7.
-54
What is 82 (base 11) in base 16?
5a
Convert 4 (base 8) to base 5.
4
Convert -21 (base 7) to base 10.
-15
-2 (base 6) to base 7
-2
What is -2 (base 16) in base 13?
-2
19 (base 15) to base 11
22
What is 1 (base 6) in base 11?
1
What is -101111 (base 2) in base 10?
-47
-12 (base 16) to base 12
-16
-29 (base 13) to base 2
-100011
34 (base 14) to base 6
114
What is 30 (base 10) in base 7?
42
What is -11 (base 7) in base 14?
-8
-127 (base 9) to base 3
-10221
1 (base 3) to base 4
1
Convert -6 (base 8) to base 9.
-6
What is -11 (base 13) in base 7?
-20
What is 2 (base 6) in base 2?
10
Convert -34 (base 8) to base 12.
-24
What is -1 (base 11) in base 3?
-1
aa (base 13) to base 14
a0
What is -f (base 16) in base 5?
-30
What is -1 (base 8) in base 15?
-1
What is 12 (base 7) in base 6?
13
232 (base 7) to base 12
a1
What is 11 (base 14) in base 2?
1111
Convert -3 (base 8) to base 15.
-3
What is 16 (base 9) in base 5?
30
What is -143 (base 9) in base 15?
-80
7 (base 11) to base 5
12
What is 1 (base 13) in base 12?
1
Convert -41 (base 11) to base 10.
-45
0 (base 15) to base 5
0
Convert 10 (base 5) to base 9.
5
11120 (base 3) to base 7
234
What is -45 (base 14) in base 3?
-2021
What is 129 (base 10) in base 5?
1004
What is -2 (base 10) in base 3?
-2
12 (base 9) to base 10
11
Convert 101101 (base 2) to base 6.
113
Convert 71 (base 9) to base 12.
54
What is -120 (base 6) in base 8?
-60
Convert -12 (base 7) to base 10.
-9
Convert -10 (base 16) to base 11.
-15
Convert 5 (base 7) to base 3.
12
4 (base 16) to base 6
4
Convert -6 (base 9) to base 3.
-20
210 (base 11) to base 3
100101
What is -142 (base 5) in base 7?
-65
What is 11 (base 14) in base 6?
23
33 (base 5) to base 3
200
21 (base 9) to base 7
25
What is 1 (base 11) in base 3?
1
What is -1202 (base 3) in base 11?
-43
-101212 (base 3) to base 6
-1205
Convert 200 (base 3) to base 16.
12
Convert -444 (base 6) to base 10.
-172
Convert -14 (base 5) to base 12.
-9
2 (base 9) to base 14
2
Convert 1020 (base 3) to base 8.
41
What is -5 (base 10) in base 5?
-10
Convert 1 (base 14) to base 4.
1
-1 (base 2) to base 6
-1
a (base 11) to base 7
13
-10 (base 13) to base 4
-31
-1210 (base 3) to base 11
-44
What is 321 (base 5) in base 8?
126
Convert -1231 (base 6) to base 16.
-133
-2 (base 16) to base 9
-2
Convert 3 (base 10) to base 2.
11
Convert -1100001 (base 2) to base 11.
-89
What is -2 (base 4) in base 9?
-2
-1011101 (base 2) to base 12
-79
2 (base 11) to base 3
2
-2 (base 6) to base 14
-2
a (base 14) to base 13
a
What is -10001101 (base 2) in base 5?
-1031
What is 10 (base 3) in base 5?
3
What is -10100 (base 2) in base 15?
-15
12 (base 11) to base 7
16
What is 5 (base 12) in base 2?
101
-3 (base 14) to base 9
-3
What is 1 (base 5) in base 2?
1
Convert 110010 (base 2) to base 16.
32
What is 13 (base 7) in base 8?
12
Convert 1 (base 16) to base 14.
1
-101010 (base 2) to base 10
-42
Convert 3 (base 8) to base 15.
3
What is -20 (base 12) in base 8?
-30
What is 3 (base 12) in base 7?
3
-24 (base 8) to base 3
-202
3 (base 15) to base 10
3
What is -2 (base 13) in base 2?
-10
-50 (base 11) to base 5
-210
What is -17 (base 15) in base 5?
-42
-101 (base 14) to base 5
-1242
Convert 12212 (base 3) to base 4.
2132
Convert 11 (base 7) to base 16.
8
Convert -8 (base 12) to base 5.
-13
1 (base 10) to base 6
1
Convert -45 (base 13) to base 5.
-212
13 (base 7) to base 15
a
What is -1212 (base 3) in base 10?
-50
Convert 1 (base 11) to base 2.
1
Convert -10 (base 12) to base 10.
-12
Convert 111 (base 5) to base 11.
29
7 (base 10) to base 6
11
Convert 10 (base 2) to base 15.
2
2 (base 11) to base 15
2
-42 (base 5) to base 9
-24
What is 8 (base 13) in base 15?
8
4 (base 6) to base 2
100
Convert 13 (base 7) to base 2.
1010
-42 (base 9) to base 6
-102
Convert -2 (base 5) to base 13.
-2
What is 110 (base 3) in base 5?
22
What is 2a (base 11) in base 6?
52
What is -1 (base 9) in base 2?
-1
Convert -f (base 16) to base 2.
-1111
-1101 (base 2) to base 4
-31
1 (base 6) to base 16
1
1000 (base 2) to base 10
8
Convert -1012 (base 4) to base 5.
-240
What is 0 (base 9) in base 13?
0
10 (base 3) to base 6
3
What is 17 (base 8) in base 15?
10
-4 (base 6) to base 9
-4
-13 (base 15) to base 5
-33
-25 (base 11) to base 13
-21
Convert -24 (base 11) to base 10.
-26
What is -2 (base 12) in base 15?
-2
What is -5 (base 14) in base 3?
-12
1200 (base 3) to base 9
50
Convert -2 (base 3) to base 2.
-10
Convert e (base 15) to base 11.
13
What is -1 (base 11) in base 16?
-1
What is 1201 (base 3) in base 4?
232
What is -33 (base 5) in base 2?
-10010
-1 (base 8) to base 5
-1
What is -12032 (base 4) in base 5?
-3043
1 (base 16) to base 13
1
Convert 12 (base 13) to base 10.
15
4 (base 12) to base 15
4
Convert 7 (base 16) to base 2.
111
Convert 11110 (base 2) to base 15.
20
124 (base 6) to base 7
103
What is 39 (base 10) in base 14?
2b
Convert -4 (base 16) to base 2.
-100
Convert 60 (base 11) to base 8.
102
-4 (base 14) to base 10
-4
What is 123 (base 8) in base 13?
65
Convert 13 (base 15) to base 10.
18
What is -2 (base 14) in base 6?
-2
-31 (base 9) to base 3
-1001
Convert 0 (base 15) to base 14.
0
What is 1 (base 3) in base 2?
1
What is -414 (base 5) in base 13?
-85
Convert 1011 (base 3) to base 2.
11111
What is 0 (base 10) in base 6?
0
What is -24 (base 5) in base 10?
-14
Convert 4 (base 16) to base 15.
4
Convert -4 (base 8) to base 3.
-11
Convert 10 (base 5) to base 10.
5
What is 56 (base 9) in base 10?
51
-a (base 13) to base 15
-a
What is -12200 (base 3) in base 9?
-180
Convert 56 (base 7) to base 6.
105
Convert 11 (base 4) to base 13.
5
Convert a (base 11) to base 10.
10
What is -d (base 14) in base 11?
-12
What is -7 (base 8) in base 13?
-7
What is 6 (base 12) in base 5?
11
-59 (base 16) to base 10
-89
What is 2 (base 3) in base 2?
10
21 (base 11) to base 8
27
Convert 19 (base 16) to base 6.
41
What is a (base 16) in base 14?
a
What is -36 (base 7) in base 15?
-1c
Convert -3 (base 16) to base 6.
-3
Convert 0 (base 2) to base 5.
0
Convert 13 (base 5) to base 11.
8
Convert b (base 12) to base 10.
11
d9 (base 15) to base 12
150
321 (base 7) to base 2
10100010
What is -22 (base 13) in base 2?
-11100
1 (base 14) to base 3
1
3 (base 9) to base 13
3
Convert 1 (base 15) to base 16.
1
-52 (base 12) to base 16
-3e
Convert 321 (base 4) to base 11.
52
What is -10101001 (base 2) in base 3?
-20021
Convert -100 (base 2) to base 15.
-4
45 (base 12) to base 13
41
Convert -2 (base 3) to base 2.
-10
Convert 5 (base 9) to base 2.
101
Convert -11 (base 4) to base 16.
-5
What is c (base 13) in base 3?
110
Convert 100 (base 2) to base 13.
4
Convert 2 (base 15) to base 11.
2
What is -126 (base 14) in base 7?
-446
What is -1202 (base 3) in base 5?
-142
-2100 (base 3) to base 7
-120
40 (base 5) to base 16
14
220 (base 4) to base 11
37
-11011111 (base 2) to base 11
-193
Convert 17 (base 8) to base 5.
30
What is 443 (base 6) in base 16?
ab
-3 (base 12) to base 16
-3
What is -5 (base 15) in base 16?
-5
2 (base 9) to base 8
2
What is -34 (base 5) in base 15?
-14
161 (base 10) to base 11
137
What is -10010 (base 2) in base 9?
-20
What is 1 (base 13) in base 4?
1
What is 25 (base 6) in base 8?
21
9 (base 14) to base 8
11
Convert -320 (base 5) to base 4.
-1111
What is 3 (base 9) in base 10?
3
Convert -4 (base 8) to base 12.
-4
What is 0 (base 6) in base 2?
0
-2 (base 16) to base 15
-2
Convert -10 (base 3) to base 7.
-3
9 (base 15) to base 11
9
-5 (base 11) to base 3
-12
What is -39 (base 10) in base 12?
-33
Convert 2 (base 11) to base 3.
2
52 (base 10) to base 9
57
Convert -9c (base 14) to base 9.
-163
Convert 203 (base 6) to base 10.
75
What is -3 (base 4) in ba